f and v?
13
Suppose -37*q = -42*q + 62010. What is the highest common factor of 117 and q?
117
Let c = 302 - 218. Suppose -c*k = -89*k + 50. What is the greatest common factor of k and 10?
10
Let j = 14578 - 14558. Let o(s) = -s + 5. Let n be o(5). Suppose n = y - 128 - 32. Calculate the highest common factor of y and j.
20
Let u(z) = 3*z - 3. Let a be u(11). Suppose 2*o = 4*o - 44. Let k = a - o. Calculate the highest common divisor of k and 24.
8
Let v(u) = u**3 + 5*u**2 - 16*u - 8. Let b be v(-6). Suppose -10*d = -q - 11*d + b, 2*d = 4*q - 220. Calculate the highest common factor of 54 and q.
54
Let a = 160 + -98. Let w(x) = 8*x**2 - 99*x + 481. Let v be w(5). Calculate the greatest common factor of v and a.
62
Let l be (-2 - -1) + (0 + 0 - 3). Let a be 70/120*6*l/(-7). Calculate the highest common divisor of a and 14.
2
Let f(b) = 36*b**2 - 52*b + 400. Let n be f(7). Calculate the greatest common divisor of n and 96.
24
Suppose 18 = 8*o - 10*o. Let s be -9*11*6/o. Let y = s - 38. What is the highest common factor of 4 and y?
4
Let o(b) = -b**2 - 14*b - 55. Let q be o(-7). Let z be q*(-10)/(-100) - (-96)/10. What is the highest common factor of 36 and z?
9
Suppose -x + 19 = 5*m, -116 = -4*x - x - 4*m. Suppose 7*c = -x + 87. Let l(s) = 3*s + 3. Let t be l(3). What is the highest common divisor of c and t?
3
Let w be 182/273*45/8*(-24)/(-18). Let u be (-1 + 5)/((-4)/(-230)). Calculate the highest common factor of u and w.
5
Let b(c) = 5*c + 2 - 7*c - 24 - 16. Let y be b(-22). What is the highest common divisor of y and 18?
6
Suppose q + s = 173, 8*s = -2*q + 12*s + 322. What is the greatest common divisor of 1157 and q?
13
Suppose 4*v - 822 = -y, -179*v - 4*y = -180*v + 231. Let x = 31 - -15. What is the greatest common divisor of x and v?
23
Let c(y) = y**2 - 2*y - 90. Let d = 22 - 8. Let x be c(d). Calculate the highest common divisor of x and 195.
39
Let z(v) = 34*v**2 + 9*v - 13. Let l be z(4). Suppose 0 = 6*q + 15*q - l. Calculate the greatest common divisor of 81 and q.
27
Suppose 5*t - 12 = 4*g, 25*t + 10 = 27*t + g. Suppose 3*z + 5*n - t = -26, 0 = 5*n + 25. Suppose 2*w - 7 = -1. Calculate the greatest common factor of z and w.
1
Let v(i) = -i**2 - 4064*i + 48933. Let b be v(12). Let y(r) = -130*r - 11. Let q be y(-8). Calculate the greatest common factor of b and q.
21
Let s(a) = a**2 - 46*a + 38. Let k be s(23). Let o = k + 536. Calculate the highest common factor of 135 and o.
45
Suppose -214 = -2*b - o + 13011, 26455 = 4*b + o. Calculate the highest common divisor of 18 and b.
9
Let g(u) = u**2 + 2*u - 55. Let x be g(14). Let p = -34 + x. What is the greatest common divisor of p and 27?
27
Suppose 5*j - 226 = z + z, -141 = -3*j + 3*z. Let r = -31 - -18. Let o = r + 24. What is the highest common divisor of o and j?
11
Let b = 18998 + -18263. What is the greatest common divisor of 1911 and b?
147
Let n = -12671 - -12790. Calculate the greatest common divisor of 391 and n.
17
Suppose -22*u - 53138 - 10043 = -45*u. What is the greatest common divisor of 134 and u?
67
Let n(h) = -21*h**3 - h**2 - 5*h - 2. Let o be n(-2). Let m = o - 122. Let w = 136 - m. What is the greatest common factor of 43 and w?
43
Suppose 698*y = 2051 + 132523 + 22476. Suppose 0 = -4*c + 3*c + 50. Calculate the greatest common divisor of c and y.
25
Let b be ((-45)/(-10) - -3)/(((-5)/1)/(-100)). Calculate the greatest common divisor of b and 18.
6
Suppose -3*v + 204 = 3*q, -2*v - 4*q - 52 = -184. Calculate the greatest common divisor of 1414 and v.
14
Let w = 8263 - 8227. What is the highest common factor of w and 912?
12
Let j(v) = 115*v**2 - 648*v - 31. Let s be j(6). Calculate the highest common factor of 2635 and s.
17
Suppose 6977 = -18*u - 2725. Let o = 624 + u. What is the greatest common divisor of o and 17?
17
Suppose -28*f + 40*f - 6444 = 0. Let y = -489 + f. Calculate the highest common factor of 8 and y.
8
Let z = 40 - 30. Suppose -f + z = f. Suppose 97 = f*u - 3. What is the highest common factor of u and 20?
20
Suppose -p - 504 = -464. Let x be p/(-3)*-65*9/(-30). What is the highest common divisor of x and 40?
20
Let r = 97 - 31. Let z(d) = -17*d + 10. Let b(m) = -m**3 + 12*m**2 + 7*m - 86. Let a be b(12). Let g be z(a). What is the greatest common factor of r and g?
22
Let a(p) = 70*p + 33. Let t be a(-4). Let q = -225 - t. What is the greatest common factor of q and 165?
11
Let o = -108 + 51. Let m = o + 126. Suppose -5*w - 4 = -m. What is the greatest common factor of w and 104?
13
Suppose 5*b = 5, 5*p - 7*b = -8*b + 76. Let k = p + 90. Calculate the highest common divisor of 60 and k.
15
Let j be (-69)/230 + 6/(360/229098). What is the highest common divisor of j and 46?
46
Suppose 0*j + v - 3 = -j, 8 = -4*j + v. Let l be (-34)/4*j*8. Calculate the greatest common factor of l and 8.
4
Suppose -17*v + 8497 + 28725 - 3715 = 0. What is the highest common factor of v and 9?
9
Suppose -39*z = -1518 - 1017. What is the greatest common factor of 13 and z?
13
Let j(p) = 4*p**3 + 117*p**2 + 15*p + 68. Let o be j(-29). What is the highest common factor of o and 12?
6
Suppose 5*h - 86 = -2*s, 5*s - 2*h - 399 = -126. Let y = -522 + 495. Let c = 451 + y. What is the highest common factor of c and s?
53
Suppose 6*d - 5*d - 330 = 2*j, 0 = -d - 5*j + 302. What is the greatest common divisor of 84 and d?
14
Suppose 3*g + 6979 = -4*x + 19239, 3*g - 2*x - 12302 = 0. Calculate the greatest common factor of 64 and g.
64
Suppose -167*j + 9375 = -42*j. Let s(h) = 14*h**2 - 6*h. Let w be s(4). What is the highest common divisor of w and j?
25
Suppose -19*t + 548 = -2454. Suppose 0 = 4*d - 5*k - 11 - t, -5*k + 61 = d. What is the greatest common divisor of 46 and d?
46
Let o = 2891 + -11. Suppose -955 + o = 7*n. What is the highest common divisor of n and 55?
55
Let y(j) = -37*j**2 - 9*j + 21. Let s be y(4). Let h = -397 - s. What is the greatest common factor of h and 42?
42
Let k be 2/5 + 20/(-400)*-172. Let d be (549/36)/((-2)/(-72)). Calculate the highest common divisor of d and k.
9
Suppose 3*g + 3 = 21. Suppose 21*i - 408 = 285. What is the greatest common divisor of g and i?
3
Suppose 109 = y + 114, -c + y = -23. What is the greatest common factor of 3411 and c?
9
Suppose 2*p - 3*h = 5*p - 99, 0 = -3*h + 6. Suppose 0 = 7*c - 5*c - 10. Suppose c*u = 114 + 41. Calculate the greatest common divisor of p and u.
31
Let l(w) = w**2 + 3*w + 3. Let f = 11 - 13. Let x be l(f). Let h be (x + (-50 - -4))*2/(-2). What is the highest common divisor of 5 and h?
5
Suppose 15*d - 774 - 366 = 0. Suppose -31*n = -12*n - d. What is the greatest common divisor of 4 and n?
4
Let j(k) = -k**2 - 3*k + 20. Let r be j(-7). Let a = r - -15. Suppose -4*w + a*w = 18. What is the greatest common divisor of w and 54?
6
Suppose 166 = -4*d + b, d = b - 33 - 10. Suppose k = -2*j + 3*k - 72, -3*j - 111 = -4*k. Let l = j - d. What is the highest common factor of 8 and l?
8
Suppose -5*m + b + 867 = -914, 5*m - 5*b - 1765 = 0. Calculate the greatest common divisor of 306 and m.
51
Let i(u) = -278*u - 1222. Let l be i(-12). What is the highest common factor of l and 14?
14
Suppose y - o = 2*o + 1, -4*y - 4*o = -36. Suppose -y + 16 = -3*x, 5*z + 5*x = 10. Calculate the greatest common factor of z and 10.
5
Suppose 16*o - 10357 - 1915 = 0. Let w = 812 - o. What is the highest common factor of 9 and w?
9
Suppose -118*w + 55*w = -7434. What is the greatest common factor of w and 6903?
59
Let u be 1*(0/(-5) - -5). Suppose -94 = -3*q - a - 3*a, q - 24 = -u*a. Suppose -3*i + 578 = 14*i. Calculate the highest common factor of i and q.
34
Suppose -65604 = -12*p + 2*w, 0*w - 3*w = -5*p + 27348. What is the highest common factor of p and 12?
6
Let z(r) = 8*r**2 - 8*r + 32. Let o be z(-6). What is the highest common divisor of 160 and o?
16
Let z = -260 + 119. Let o = z - -151. Suppose -4 = -2*p, -2*p = -2*j - p + 48. Calculate the highest common factor of o and j.
5
Let w(d) = 16*d**2 + 6*d - 2. Let l be w(-2). What is the highest common factor of 430 and l?
10
Let o(c) = -26*c + 2431. Let w be o(86). What is the highest common factor of 120 and w?
15
Suppose -17*j - 3*v - 77298 = -22*j, 2*j - 30936 = 4*v. What is the greatest common factor of 14 and j?
14
Let y be -1*(2 + (-4)/2). Suppose 215 = 2*n - 0